 = -193704 + 475213. Is y a composite number?
False
Suppose 21*k = -29*k + 1084250. Is k composite?
True
Let c(h) = -7*h + 32. Let t be c(4). Suppose -9553 = -n - 4*p, -p = -0*n + t*n - 38272. Is n a composite number?
True
Let y(m) = -563*m**3 + 10*m**2 - 107*m - 1639. Is y(-14) a composite number?
True
Suppose 0 = 10*h - 0*h. Suppose 0 = -n - a - h*a + 5, -14 = -2*n - a. Let r(m) = 54*m + 16. Is r(n) composite?
True
Let p(m) = 2*m + 31. Let o be p(-5). Suppose -5*f - 3*v - 81 = o, -5*v + 34 = -3*f. Is f/12*2302/(-3) a composite number?
False
Let n be 15 + -10 + (-5 - -2). Suppose -4*a = -n*b + 7*b - 5775, -2*b = -a - 2297. Is b prime?
True
Suppose -m = 5*f - 801007, 5*m - 1096415 + 295400 = -5*f. Is f a prime number?
True
Suppose 0 = 2*k - q - 344089, 2*q + 270841 = 3*k - 245294. Is k prime?
False
Let p = -9966 - -4865. Let d be 28/49 + 106448/14. Let x = p + d. Is x a prime number?
True
Suppose 6*n + 8 = 8*n. Suppose -n*v + 4*x - 903 = -5*v, 0 = 5*v - 4*x - 4611. Is v composite?
False
Let q be 52/(-12) + (-2)/(-6). Let l(h) be the first derivative of -h**4/2 + h**3/3 + 6*h**2 + 7*h - 515. Is l(q) a composite number?
False
Suppose -7*j = -5*j - 4. Suppose 746 = j*u - 1218. Let c = 1877 - u. Is c a prime number?
False
Let p(y) = 2420*y**2 - 86*y - 755. Is p(-14) prime?
True
Suppose 19*z - 13*z + 30 = 0. Let f(w) = 12*w**2 + 2*w + 22. Let i be f(z). Let v = i + 409. Is v a prime number?
False
Let o(g) = 427*g**2 - 33*g - 251. Is o(-40) composite?
False
Suppose -2*b + 10070 = -4*w, 5*w - 6545 = -3*b + 8549. Is b a composite number?
True
Is ((-24)/10)/((-24)/(-420)*7) + 11149 composite?
True
Let s(g) = 42*g**2 + 20*g - 59. Let n be 2/((10/75)/(1/5)). Is s(n) a prime number?
True
Let k(d) = -56084*d + 7501. Is k(-5) a composite number?
False
Is (-5 + 633531/(-15))*170/(-68) prime?
True
Suppose 0 = 3*m + 5*l - 1407846, 30*l = -5*m + 32*l + 2346379. Is m a prime number?
False
Let a be (-2)/(-14) - 140/(-49). Let l be (4887 - a - (-6 + 3)) + -3. Suppose -4*z + 4866 = -8*p + 3*p, -4*z = 4*p - l. Is z composite?
True
Let o = 95176 - 31565. Is o composite?
False
Suppose -181731 = -48*l + 15*l. Is l a composite number?
False
Is 40108120/640 - (-2)/32 a prime number?
False
Let v(r) = r**2 - r + 8. Let n be v(0). Let k be (n/10)/(16/29720). Suppose 5*w + 4*l - 3745 = 0, 0 = -w + 3*w + 4*l - k. Is w composite?
True
Let r(u) = u**3 + 9*u**2 - 10*u - 23. Let l be r(-10). Let y = l + 27. Suppose 0 = y*s + 4*f - 0*f - 1348, s - 5*f = 361. Is s prime?
False
Let t(u) = -4*u - 2. Let d be t(-3). Suppose 3*y - d*y = -11*y. Suppose -183*r + 185*r - 998 = y. Is r a prime number?
True
Suppose -12*a - 18584 = -4*m - 14*a, 23233 = 5*m + 4*a. Is m a prime number?
False
Let l(q) = -q**2 + 46*q - 20. Suppose 5*n + 78 + 27 = 0. Let t be l(n). Let z = -774 - t. Is z a prime number?
True
Let g = 43525 + -15422. Is g a prime number?
False
Let d(z) = 104*z - 5. Suppose 6*j = 12*j - 282. Let v = -44 + j. Is d(v) a composite number?
False
Let w = -1772 - -2673. Let l be ((-1)/(-4))/(-1) + w/68. Is (-5389)/34*(-1 - l) prime?
False
Let w(y) = -126*y**2 + 13*y. Let j be w(-6). Let v = j - -8803. Is v a composite number?
True
Suppose 189*x = 204*x - 3544215. Is x a composite number?
True
Suppose 3*c + 2*s - 1022131 = 320384, 5*s - 895021 = -2*c. Is c composite?
True
Suppose 19*x + 32 = 21*x. Suppose x*c - 215627 = 85221. Is c a prime number?
True
Suppose 0 = -8*h + 324 + 1780. Let v = 480 + h. Is v prime?
True
Let v(j) = 130*j**2 - 2*j - 3. Let d = -49 + 54. Let s be v(d). Suppose 0 = -5*m - 0*x + x + s, x + 649 = m. Is m a composite number?
False
Let h(l) = 19931*l - 1058. Is h(5) a prime number?
True
Let q = -1585 - 929. Let k = q - -7088. Is k composite?
True
Suppose 0 = -j - 2*c - 70801 + 509962, -3*j + 1317501 = -3*c. Is j a composite number?
True
Suppose -2805842 = -170*j - 332. Is j a prime number?
False
Let m be 1/2*0*(-8)/16. Suppose m = -4*k + y + 1872, -k = -3*k + y + 938. Is k a prime number?
True
Suppose 219*q - 5*g = 217*q + 527456, 0 = -4*q - g + 1054890. Is q a prime number?
True
Suppose 3*o - 5*m - 62 + 1 = 0, -21 = -3*o - 3*m. Let h(u) = -9 + 178*u + o + 6 + 20. Is h(11) a prime number?
True
Let v be ((-4)/11)/2 - 1122240/(-352). Suppose -4*d = 4*w - v, 5*w = 1 - 11. Is d prime?
False
Let l(r) = 19*r**2 + 15*r + 1113. Is l(50) a composite number?
False
Suppose -5834 = -k + 3*p, -3*k + 4*p + 12105 = -5407. Suppose -k = -5*s + 121205. Is s a composite number?
False
Let u be -10410 - (0 + 20/5). Let d = 7233 - u. Is d composite?
True
Suppose -5*x + 9*a - 12*a + 6040486 = 0, 4832381 = 4*x + 5*a. Is x a prime number?
False
Let y = 358766 + 26855. Is y composite?
False
Let w(v) = -888*v + 1761. Is w(-9) prime?
False
Suppose 4*f + 45 = 5*r, -4*f + r = -8*f - 15. Let i be 2/f - 75070/(-50). Suppose -3*h + i = -5*t, 4*h + t = 4*t + 2005. Is h composite?
True
Let l(t) = t**2 + t + 3. Let s be l(0). Suppose -9*d = -5*d + 3*c - 27587, -d + 6890 = s*c. Is d prime?
True
Let s(i) = -i**3 - 7*i**2 + 16*i - 2. Let l be s(-9). Let k be 2/l - 77877/(-24). Suppose -k = -g - 4*g. Is g a composite number?
True
Suppose 2*g + 6 = -2*d - 12, 5*g - 2*d + 80 = 0. Let j = 6173 + g. Is j a prime number?
False
Suppose 3*s - 58652 = -5*a + 53103, 89367 = 4*a - 5*s. Suppose 0 = 2*n - 69986 + a. Is n a composite number?
False
Let i(a) = -a**3 + 23*a**2 + 21. Let v be i(23). Suppose w + 0 + v = 5*y, w + 5 = -3*y. Let c = w - -32. Is c composite?
True
Suppose -5*h - 2*z = -6, -h + 10*z = 11*z. Let u be -2 - (2 - 0)*-2. Is (3434 + u)*h/8 composite?
False
Suppose 0 = 2*a + g - 261915, 174*a = 170*a - g + 523829. Is a a composite number?
False
Suppose 2*x - 4*w - 114242 = 0, 14*w = 11*w + 15. Is x a prime number?
True
Suppose -4*v = h - 13, -8 = -v + 2*h + 2. Suppose -4*m - 9621 + 2160 = -k, -3*m - 29818 = -v*k. Is k a composite number?
True
Suppose 141*u - 684478 - 5523953 - 56200284 = 0. Is u a prime number?
False
Suppose 0 = -10*l + 39 + 1. Suppose m + 2 = t, -1 = -l*t + 5*m + 9. Suppose t = 4*a - 2476 - 784. Is a a prime number?
False
Let l(t) = 464*t - 37. Let o(q) = -468*q + 37. Let g(h) = -6*l(h) - 5*o(h). Is g(-5) a prime number?
False
Let a(f) = -15*f**3 + 9*f**2 - 17*f + 59. Is a(-10) a composite number?
True
Suppose -y - 5*l = -l - 94, 4*y - 441 = -3*l. Let o = 403 + y. Is o a prime number?
False
Let r(l) = -6*l**3 - 6*l**2 + 9*l - 39. Let x be r(-10). Suppose 2*q - 24 = -3*u - q, 2*q = 4*u - 38. Suppose 12*k = u*k + x. Is k a prime number?
False
Suppose 637497 = 56*j - 1067647. Is j a prime number?
True
Let h(q) = -2*q**3 - 5*q**2 - 24*q + 6. Let i be h(17). Let s = i + 19708. Let o = s - 3764. Is o composite?
False
Let s(g) = -141*g + 6. Let l be s(6). Let d = l - -1453. Is d prime?
True
Let y = -4074 - -5335. Is y a prime number?
False
Let m(g) = -g**3 - 6*g**2 + 13. Suppose -35 = 12*d + 37. Let c be m(d). Let l(x) = 196*x - 45. Is l(c) prime?
True
Suppose 16*a - 15*a = 5. Suppose -a*p = n + 5, -2*p - 5 = 2*n + 3*p. Suppose n = -u - 5 + 424. Is u composite?
False
Let z(x) = 97*x**2 - 37*x + 619. Is z(12) composite?
False
Suppose 0 = -2*m, -2*m = 4*t - m - 16. Let x be 6 + -3 - t - -3. Suppose z - 6416 = -5*s, -x*s = -s - 4*z - 1279. Is s composite?
False
Is (4 - 3241352/(-20))/(204/510) prime?
True
Let p be ((-2)/6)/((-5)/75). Suppose 5*s - 3*f - 170 = 0, f + 0 + p = 0. Suppose s = -3*z - n + 100, 0 = -2*z - n + 46. Is z composite?
False
Let s = 41 + -35. Let b be (10/30)/((-2)/s). Is (b/1)/((-4)/316) composite?
False
Let f = 36 + -34. Let y be -48 + (-4)/(-1) + f. Is ((-3676)/6)/(28/y) composite?
False
Let n be (-2)/(-10) - 114/(-30). Suppose 30958 + 15310 = n*u. Is u a prime number?
False
Let u(c) = 2209*c**2 - 5*c - 1. Suppose -1 = -208*y + 207*y. Is u(y) composite?
False
Let x be 46/(-33)*3 - (-4)/22. Let z be ((-618)/x)/((-9)/(-558)). Suppose n + n - 9549 = t, 2*n = -5*t + z. Is n a composite number?
True
Let k = -72933 + 164162. Is k composite?
False
Suppose 498 = 6*k - 0*k. Suppose 92*c - k*c = 14733. Is c prime?
True
Let w(h) = 13*h - 102. Let i be w(8). Is (-25)/(-15) - (85696/(-12) - i) composite?
True
Suppose 155*s - 5517368 = 285057. Is s a prime number?
False
Suppose 2*q - q = 5*u - 714, 5*q = -2*u + 264. Suppose 116 = -2*s + 4*g - u, 5*g + 581 = -4*s. Let m = 606 - s. Is